{"id":277,"date":"2026-01-22T12:33:37","date_gmt":"2026-01-22T12:33:37","guid":{"rendered":"https:\/\/vividsthermo.com\/?page_id=277"},"modified":"2026-01-23T17:39:17","modified_gmt":"2026-01-23T17:39:17","slug":"systemy-odsalania-wody-3","status":"publish","type":"page","link":"https:\/\/vividsthermo.com\/index.php\/es\/systemy-odsalania-wody-3\/","title":{"rendered":"DESALINIZACI\u00d3N Y PURIFICACI\u00d3N"},"content":{"rendered":"\t\t<div data-elementor-type=\"wp-page\" data-elementor-id=\"277\" class=\"elementor elementor-277\">\n\t\t\t\t<div class=\"elementor-element elementor-element-dcbf7f9 e-flex e-con-boxed e-con e-parent\" data-id=\"dcbf7f9\" data-element_type=\"container\" data-e-type=\"container\">\n\t\t\t\t\t<div class=\"e-con-inner\">\n\t\t\t\t<div class=\"elementor-element elementor-element-16aa0b1 elementor-widget elementor-widget-text-editor\" data-id=\"16aa0b1\" data-element_type=\"widget\" data-e-type=\"widget\" data-widget_type=\"text-editor.default\">\n\t\t\t\t\t\t\t\t\t<p>Nuestra empresa se especializa en la producci\u00f3n de dispositivos avanzados para la desalinizaci\u00f3n y el tratamiento del agua, utilizando tecnolog\u00edas modernas y patentadas. Gracias a nuestras soluciones innovadoras, ofrecemos sistemas eficientes y ecol\u00f3gicos que suministran agua de la m\u00e1s alta calidad, tanto de recursos dulces como salados.<\/p><p>Nuestros dispositivos son ideales para hospitales, hoteles, urbanizaciones e incluso para pueblos enteros y ciudades peque\u00f1as. Tambi\u00e9n los utilizan servicios como el cuerpo de bomberos, lo que demuestra su fiabilidad y eficacia en diversas condiciones.<\/p><p>Gracias a nuestras soluciones innovadoras, no solo ofrecemos agua limpia y segura, sino que tambi\u00e9n contribuimos a la protecci\u00f3n del medio ambiente mediante la reducci\u00f3n del consumo de energ\u00eda y la eliminaci\u00f3n de la necesidad de utilizar productos qu\u00edmicos.<\/p><h3><span style=\"color: #333399;\">TECNOLOG\u00cdA DE TRATAMIENTO DE AGUA DULCE<\/span><\/h3><p>Nuestros dispositivos utilizan tecnolog\u00eda de resinas de intercambio i\u00f3nico, que permite tratar el agua superficial, como el agua de r\u00edos, estanques, pozos o lagos, hasta convertirla en agua potable sin necesidad de analizarla previamente. Este enfoque revolucionario permite obtener el agua potable m\u00e1s barata sin necesidad de complicados procedimientos de laboratorio. Nuestro sistema CASCADA es compacto y puede tratar hasta 900 litros de agua por hora, con la posibilidad de ampliarlo a vol\u00famenes mayores. Gracias a la tecnolog\u00eda patentada, el agua obtenida supera en calidad a la que se puede adquirir en las tiendas.<\/p><h3><span style=\"color: #333399;\">SISTEMAS DE DESALINIZACI\u00d3N DE AGUA SALADA<\/span><\/h3><p>Tambi\u00e9n ofrecemos sistemas MDS avanzados que transforman el agua de mar o del oc\u00e9ano en agua potable, garantizando una desalinizaci\u00f3n del 100 %. Nuestros equipos en contenedores de 20 pies, con un caudal de 2 m\u00b3 por hora, tambi\u00e9n pueden utilizarse para el tratamiento de agua dulce tras desactivar el m\u00f3dulo RO (\u00f3smosis inversa). Este innovador sistema se caracteriza por un consumo energ\u00e9tico excepcionalmente bajo, hasta 9 veces menor que el de las soluciones tradicionales de la competencia.<\/p><h3><span style=\"color: #333399;\">VENTAJA TECNOL\u00d3GICA<\/span><\/h3><p>Nuestras tecnolog\u00edas patentadas ofrecen una serie de ventajas \u00fanicas:<\/p><p>Bajo consumo energ\u00e9tico: solo 2,2 kW por 1 m\u00b3 de agua, gracias a una soluci\u00f3n patentada.<\/p><p>Sin necesidad de utilizar productos qu\u00edmicos: gracias a un sistema \u00fanico de pretratamiento, nuestras membranas tienen una vida \u00fatil varias veces superior sin necesidad de utilizar antiescalantes.<\/p><p>Mineralizaci\u00f3n y calidad del agua: mineralizaci\u00f3n obligatoria con cloruros de calcio y magnesio y uso de l\u00e1mparas UV en lugar de cloro, lo que mejora el sabor y la calidad del agua. Nuestra agua cumple con los m\u00e1s altos est\u00e1ndares de la OMS.<\/p><p>Eliminaci\u00f3n de contaminantes: eliminamos eficazmente el boro y los contaminantes radiactivos.<\/p><p>Ciclos de funcionamiento m\u00e1s largos: nuestros sistemas funcionan 4 veces m\u00e1s tiempo, lo que se traduce en menores costes de mantenimiento y una m\u00ednima incidencia de aver\u00edas.<\/p><p>Posibilidad de alcalinizaci\u00f3n: El agua puede alcalinizarse hasta un nivel de pH 8,5.<\/p><p>Menor cantidad de aguas residuales: Nuestros sistemas generan menos residuos tras el tratamiento del agua.<\/p><p>Resonadores: Conversi\u00f3n del agua muerta tras la \u00f3smosis en agua viva mediante resonadores patentados.<\/p>\t\t\t\t\t\t\t\t<\/div>\n\t\t<div class=\"elementor-element elementor-element-6b6b234 e-con-full e-flex e-con e-child\" data-id=\"6b6b234\" data-element_type=\"container\" data-e-type=\"container\">\n\t\t\t\t<div class=\"elementor-element elementor-element-7127161 elementor-widget elementor-widget-heading\" data-id=\"7127161\" data-element_type=\"widget\" data-e-type=\"widget\" data-widget_type=\"heading.default\">\n\t\t\t\t\t<h2 class=\"elementor-heading-title elementor-size-default\">Premios y certificados<\/h2>\t\t\t\t<\/div>\n\t\t\t\t<\/div>\n\t\t<div class=\"elementor-element elementor-element-5f51f08 e-con-full e-flex e-con e-child\" data-id=\"5f51f08\" data-element_type=\"container\" data-e-type=\"container\">\n\t\t\t\t<div class=\"elementor-element elementor-element-3c3c282 elementor-widget elementor-widget-image-gallery\" data-id=\"3c3c282\" data-element_type=\"widget\" data-e-type=\"widget\" data-widget_type=\"image-gallery.default\">\n\t\t\t\t\t\t\t<div class=\"elementor-image-gallery\">\n\t\t\t\n\t\t<style type=\"text\/css\">\n\t\t\t#gallery-1 {\n\t\t\t\tmargin: auto;\n\t\t\t}\n\t\t\t#gallery-1 .gallery-item {\n\t\t\t\tfloat: left;\n\t\t\t\tmargin-top: 10px;\n\t\t\t\ttext-align: center;\n\t\t\t\twidth: 33%;\n\t\t\t}\n\t\t\t#gallery-1 img {\n\t\t\t\tborder: 2px solid #cfcfcf;\n\t\t\t}\n\t\t\t#gallery-1 .gallery-caption {\n\t\t\t\tmargin-left: 0;\n\t\t\t}\n\t\t\t\/* see gallery_shortcode() in wp-includes\/media.php *\/\n\t\t<\/style>\n\t\t<div id='gallery-1' class='gallery galleryid-277 gallery-columns-3 gallery-size-thumbnail'><dl class='gallery-item'>\n\t\t\t<dt class='gallery-icon landscape'>\n\t\t\t\t<a data-elementor-open-lightbox=\"yes\" data-elementor-lightbox-slideshow=\"3c3c282\" data-elementor-lightbox-title=\"4\" data-e-action-hash=\"#elementor-action%3Aaction%3Dlightbox%26settings%3DeyJpZCI6NTMyLCJ1cmwiOiJodHRwczpcL1wvdml2aWRzdGhlcm1vLmNvbVwvd3AtY29udGVudFwvdXBsb2Fkc1wvMjAyNlwvMDFcLzQuanBnIiwic2xpZGVzaG93IjoiM2MzYzI4MiJ9\" href='https:\/\/vividsthermo.com\/wp-content\/uploads\/2026\/01\/4.jpg'><img decoding=\"async\" width=\"150\" height=\"150\" src=\"https:\/\/vividsthermo.com\/wp-content\/uploads\/2026\/01\/4-150x150.jpg\" class=\"attachment-thumbnail size-thumbnail\" alt=\"\" srcset=\"https:\/\/vividsthermo.com\/wp-content\/uploads\/2026\/01\/4-150x150.jpg 150w, https:\/\/vividsthermo.com\/wp-content\/uploads\/2026\/01\/4-300x300.jpg 300w\" sizes=\"(max-width: 150px) 100vw, 150px\" \/><\/a>\n\t\t\t<\/dt><\/dl><dl class='gallery-item'>\n\t\t\t<dt class='gallery-icon landscape'>\n\t\t\t\t<a data-elementor-open-lightbox=\"yes\" data-elementor-lightbox-slideshow=\"3c3c282\" data-elementor-lightbox-title=\"5\" data-e-action-hash=\"#elementor-action%3Aaction%3Dlightbox%26settings%3DeyJpZCI6NTMzLCJ1cmwiOiJodHRwczpcL1wvdml2aWRzdGhlcm1vLmNvbVwvd3AtY29udGVudFwvdXBsb2Fkc1wvMjAyNlwvMDFcLzUuanBnIiwic2xpZGVzaG93IjoiM2MzYzI4MiJ9\" href='https:\/\/vividsthermo.com\/wp-content\/uploads\/2026\/01\/5.jpg'><img decoding=\"async\" width=\"150\" height=\"150\" src=\"https:\/\/vividsthermo.com\/wp-content\/uploads\/2026\/01\/5-150x150.jpg\" class=\"attachment-thumbnail size-thumbnail\" alt=\"\" srcset=\"https:\/\/vividsthermo.com\/wp-content\/uploads\/2026\/01\/5-150x150.jpg 150w, https:\/\/vividsthermo.com\/wp-content\/uploads\/2026\/01\/5-300x300.jpg 300w\" sizes=\"(max-width: 150px) 100vw, 150px\" \/><\/a>\n\t\t\t<\/dt><\/dl><dl class='gallery-item'>\n\t\t\t<dt class='gallery-icon landscape'>\n\t\t\t\t<a data-elementor-open-lightbox=\"yes\" data-elementor-lightbox-slideshow=\"3c3c282\" data-elementor-lightbox-title=\"6\" data-e-action-hash=\"#elementor-action%3Aaction%3Dlightbox%26settings%3DeyJpZCI6NTM0LCJ1cmwiOiJodHRwczpcL1wvdml2aWRzdGhlcm1vLmNvbVwvd3AtY29udGVudFwvdXBsb2Fkc1wvMjAyNlwvMDFcLzYuanBnIiwic2xpZGVzaG93IjoiM2MzYzI4MiJ9\" href='https:\/\/vividsthermo.com\/wp-content\/uploads\/2026\/01\/6.jpg'><img decoding=\"async\" width=\"150\" height=\"150\" src=\"https:\/\/vividsthermo.com\/wp-content\/uploads\/2026\/01\/6-150x150.jpg\" class=\"attachment-thumbnail size-thumbnail\" alt=\"\" srcset=\"https:\/\/vividsthermo.com\/wp-content\/uploads\/2026\/01\/6-150x150.jpg 150w, https:\/\/vividsthermo.com\/wp-content\/uploads\/2026\/01\/6-300x300.jpg 300w\" sizes=\"(max-width: 150px) 100vw, 150px\" \/><\/a>\n\t\t\t<\/dt><\/dl><br style=\"clear: both\" \/>\n\t\t<\/div>\n\t\t<\/div>\n\t\t\t\t\t\t<\/div>\n\t\t\t\t<\/div>\n\t\t\t\t\t<\/div>\n\t\t\t\t<\/div>\n\t\t<div class=\"elementor-element elementor-element-7a299e4 e-flex e-con-boxed e-con e-parent\" data-id=\"7a299e4\" data-element_type=\"container\" data-e-type=\"container\">\n\t\t\t\t\t<div class=\"e-con-inner\">\n\t\t\t\t<div class=\"elementor-element elementor-element-da2268e elementor-widget elementor-widget-image-gallery\" data-id=\"da2268e\" data-element_type=\"widget\" data-e-type=\"widget\" data-widget_type=\"image-gallery.default\">\n\t\t\t\t\t\t\t<div class=\"elementor-image-gallery\">\n\t\t\t\n\t\t<style type=\"text\/css\">\n\t\t\t#gallery-2 {\n\t\t\t\tmargin: auto;\n\t\t\t}\n\t\t\t#gallery-2 .gallery-item {\n\t\t\t\tfloat: left;\n\t\t\t\tmargin-top: 10px;\n\t\t\t\ttext-align: center;\n\t\t\t\twidth: 33%;\n\t\t\t}\n\t\t\t#gallery-2 img {\n\t\t\t\tborder: 2px solid #cfcfcf;\n\t\t\t}\n\t\t\t#gallery-2 .gallery-caption {\n\t\t\t\tmargin-left: 0;\n\t\t\t}\n\t\t\t\/* see gallery_shortcode() in wp-includes\/media.php *\/\n\t\t<\/style>\n\t\t<div id='gallery-2' class='gallery galleryid-277 gallery-columns-3 gallery-size-thumbnail'><dl class='gallery-item'>\n\t\t\t<dt class='gallery-icon landscape'>\n\t\t\t\t<a data-elementor-open-lightbox=\"yes\" data-elementor-lightbox-slideshow=\"da2268e\" data-elementor-lightbox-title=\"1\" data-e-action-hash=\"#elementor-action%3Aaction%3Dlightbox%26settings%3DeyJpZCI6NTI0LCJ1cmwiOiJodHRwczpcL1wvdml2aWRzdGhlcm1vLmNvbVwvd3AtY29udGVudFwvdXBsb2Fkc1wvMjAyNlwvMDFcLzEuanBnIiwic2xpZGVzaG93IjoiZGEyMjY4ZSJ9\" href='https:\/\/vividsthermo.com\/wp-content\/uploads\/2026\/01\/1.jpg'><img loading=\"lazy\" decoding=\"async\" width=\"150\" height=\"150\" src=\"https:\/\/vividsthermo.com\/wp-content\/uploads\/2026\/01\/1-150x150.jpg\" class=\"attachment-thumbnail size-thumbnail\" alt=\"\" srcset=\"https:\/\/vividsthermo.com\/wp-content\/uploads\/2026\/01\/1-150x150.jpg 150w, https:\/\/vividsthermo.com\/wp-content\/uploads\/2026\/01\/1-300x300.jpg 300w\" sizes=\"(max-width: 150px) 100vw, 150px\" \/><\/a>\n\t\t\t<\/dt><\/dl><dl class='gallery-item'>\n\t\t\t<dt class='gallery-icon landscape'>\n\t\t\t\t<a data-elementor-open-lightbox=\"yes\" data-elementor-lightbox-slideshow=\"da2268e\" data-elementor-lightbox-title=\"2\" data-e-action-hash=\"#elementor-action%3Aaction%3Dlightbox%26settings%3DeyJpZCI6NTI1LCJ1cmwiOiJodHRwczpcL1wvdml2aWRzdGhlcm1vLmNvbVwvd3AtY29udGVudFwvdXBsb2Fkc1wvMjAyNlwvMDFcLzIuanBnIiwic2xpZGVzaG93IjoiZGEyMjY4ZSJ9\" href='https:\/\/vividsthermo.com\/wp-content\/uploads\/2026\/01\/2.jpg'><img loading=\"lazy\" decoding=\"async\" width=\"150\" height=\"150\" src=\"https:\/\/vividsthermo.com\/wp-content\/uploads\/2026\/01\/2-150x150.jpg\" class=\"attachment-thumbnail size-thumbnail\" alt=\"\" srcset=\"https:\/\/vividsthermo.com\/wp-content\/uploads\/2026\/01\/2-150x150.jpg 150w, https:\/\/vividsthermo.com\/wp-content\/uploads\/2026\/01\/2-300x300.jpg 300w\" sizes=\"(max-width: 150px) 100vw, 150px\" \/><\/a>\n\t\t\t<\/dt><\/dl><dl class='gallery-item'>\n\t\t\t<dt class='gallery-icon landscape'>\n\t\t\t\t<a data-elementor-open-lightbox=\"yes\" data-elementor-lightbox-slideshow=\"da2268e\" data-elementor-lightbox-title=\"3\" data-e-action-hash=\"#elementor-action%3Aaction%3Dlightbox%26settings%3DeyJpZCI6NTI2LCJ1cmwiOiJodHRwczpcL1wvdml2aWRzdGhlcm1vLmNvbVwvd3AtY29udGVudFwvdXBsb2Fkc1wvMjAyNlwvMDFcLzMuanBnIiwic2xpZGVzaG93IjoiZGEyMjY4ZSJ9\" href='https:\/\/vividsthermo.com\/wp-content\/uploads\/2026\/01\/3.jpg'><img loading=\"lazy\" decoding=\"async\" width=\"150\" height=\"150\" src=\"https:\/\/vividsthermo.com\/wp-content\/uploads\/2026\/01\/3-150x150.jpg\" class=\"attachment-thumbnail size-thumbnail\" alt=\"\" srcset=\"https:\/\/vividsthermo.com\/wp-content\/uploads\/2026\/01\/3-150x150.jpg 150w, https:\/\/vividsthermo.com\/wp-content\/uploads\/2026\/01\/3-300x300.jpg 300w\" sizes=\"(max-width: 150px) 100vw, 150px\" \/><\/a>\n\t\t\t<\/dt><\/dl><br style=\"clear: both\" \/>\n\t\t<\/div>\n\t\t<\/div>\n\t\t\t\t\t\t<\/div>\n\t\t\t\t\t<\/div>\n\t\t\t\t<\/div>\n\t\t\t\t<\/div>\n\t\t","protected":false},"excerpt":{"rendered":"<p>Nuestra empresa se especializa en la producci\u00f3n de dispositivos avanzados para la desalinizaci\u00f3n y el tratamiento del agua, utilizando tecnolog\u00edas modernas y patentadas. Gracias a nuestras soluciones innovadoras, ofrecemos sistemas eficientes y ecol\u00f3gicos que suministran agua de la m\u00e1s alta calidad, tanto de recursos dulces como salados. Nuestros dispositivos son ideales para hospitales, hoteles, urbanizaciones&hellip;<\/p>\n","protected":false},"author":1,"featured_media":0,"parent":0,"menu_order":0,"comment_status":"closed","ping_status":"closed","template":"","meta":{"footnotes":""},"class_list":["post-277","page","type-page","status-publish","hentry"],"_links":{"self":[{"href":"https:\/\/vividsthermo.com\/index.php\/wp-json\/wp\/v2\/pages\/277","targetHints":{"allow":["GET"]}}],"collection":[{"href":"https:\/\/vividsthermo.com\/index.php\/wp-json\/wp\/v2\/pages"}],"about":[{"href":"https:\/\/vividsthermo.com\/index.php\/wp-json\/wp\/v2\/types\/page"}],"author":[{"embeddable":true,"href":"https:\/\/vividsthermo.com\/index.php\/wp-json\/wp\/v2\/users\/1"}],"replies":[{"embeddable":true,"href":"https:\/\/vividsthermo.com\/index.php\/wp-json\/wp\/v2\/comments?post=277"}],"version-history":[{"count":14,"href":"https:\/\/vividsthermo.com\/index.php\/wp-json\/wp\/v2\/pages\/277\/revisions"}],"predecessor-version":[{"id":728,"href":"https:\/\/vividsthermo.com\/index.php\/wp-json\/wp\/v2\/pages\/277\/revisions\/728"}],"wp:attachment":[{"href":"https:\/\/vividsthermo.com\/index.php\/wp-json\/wp\/v2\/media?parent=277"}],"curies":[{"name":"wp","href":"https:\/\/api.w.org\/{rel}","templated":true}]}}